v + 19. Let f(q) = -6*h(q) + 11*o(q). Calculate f(0).
-4
Let f(n) = -2*n + 13. Let t be (-4)/6 - (-22)/6. Suppose m - 19 = -5*u, m - 5 = t*u - 2. Let k be f(m). Let v(a) = -a**2 - 3*a + 3. Give v(k).
-7
Let x(m) = m**2 - m + 1. Let a(k) = k**3 + 3*k**2 - k + 3. Let z(b) = a(b) - 2*x(b). Let t(g) be the first derivative of z(g). Calculate t(-1).
2
Let z(p) = p - 9. Let w be z(11). Let n(f) = w*f - 9 - 3*f - f. Calculate n(-6).
3
Let n(t) be the second derivative of -t**4/12 + t**3 - 3*t**2 + 3*t. Let w be 36/(-15) + 4/10. Let x be ((-10)/4)/(w/4). Determine n(x).
-1
Let t(f) = 3*f**2 + 6*f - 3. Let v(h) = -10*h**2 - 19*h + 10. Let l(x) = -7*t(x) - 2*v(x). Give l(-3).
4
Suppose 5 - 20 = -5*c. Let y(j) = -j + 3*j**3 + 4 + c*j**3 - 5*j**3 - 2*j**3. Let w be y(0). Let f(r) = r**3 - 3*r**2 - 5*r + 1. Give f(w).
-3
Let u(v) = v + 10. Suppose 0 = -2*b - 0*b + 2*m + 6, -b - 2*m + 18 = 0. Let j = b + -8. Determine u(j).
10
Let v be (-2)/(-8) + (-60)/(-16). Let b(a) = 3*a - 4 - 1 - v*a. Determine b(-4).
-1
Let v(m) = -3*m - 2 + 0*m + 4*m. Let o(w) = w**2 - 10*w + 1. Let g be o(10). Suppose q + 4 = -g. Calculate v(q).
-7
Let t(r) = -r**3 + 5*r**2 + 4*r - 3. Let v(p) = -p**2 + p. Let f(a) = -t(a) + 3*v(a). Determine f(8).
-5
Suppose r + r = 0. Suppose r*s - 8 = -2*s. Let f(w) be the first derivative of -w**2/2 + 3*w - 5. Determine f(s).
-1
Let q(x) = -x**3 + 3*x**2 - 2*x - 4. Let t be ((-24)/32)/(1/(-4)). Calculate q(t).
-10
Suppose 82 + 58 = 5*q. Let v be q/(-12) + 2/6. Let s(j) be the first derivative of -j**4/2 - 2*j**3/3 + j**2 + 3*j - 1. Determine s(v).
7
Let b(l) = l**3 + 7*l**2 + 4*l - 20. Let h be b(-6). Let s(k) = k**2 + 8*k + 5. What is s(h)?
5
Let c(u) = -2*u - 3. Let l = -78 - -74. Calculate c(l).
5
Let f = -4 + 7. Let z(m) = -m**2 - 4*m**3 - m + 0*m**2 + 5*m**f + 0 + 1. What is z(0)?
1
Suppose 2 = j - 0. Let w(g) = -g + 1 - 4 + 3 - 6*g**j. What is w(-1)?
-5
Let i = 6 + -4. Let x(n) = -4 + n - 2*n + i*n**2 - 3*n**2. Let j be 1/4 - (-2)/(-8). Give x(j).
-4
Suppose 2*v - 15 = -5*g + 7, 4*v = -2*g + 12. Let u(h) = -4*h - 2. Let d(b) be the second derivative of b**3/6 - b. Let r(x) = v*u(x) + 6*d(x). Give r(4).
6
Suppose 3*g - 12 = -3*u, 2*u + 5*g + 9 - 32 = 0. Let x(k) = -3*k**3 - 2*k**2 - 2*k - 1. What is x(u)?
2
Let k(o) = -o**3 + o**2 - o - 4. Let p be k(0). Let a(i) = -i**2 - 3*i - 6. What is a(p)?
-10
Let y = 6 - 4. Suppose 5*s = 4*p + 8, -3*p = p - 2*s - 4. Let f(c) = c - 2*c - 5*c + p*c + 3. What is f(y)?
-3
Suppose -2*i - 32 = -6*i. Let k(f) = f**2 - 6*f - 6. Determine k(i).
10
Suppose -34 + 6 = -7*z. Let l(j) = -9*j + 5. Determine l(z).
-31
Let w(z) = z**3 - 6*z**2 + 2*z - 8. Let d be ((-2)/6)/(1/(-18)). Give w(d).
4
Let v be ((-10)/(-6))/((-1)/(-3)). Let d(k) = -3*k - 3 + 2 + 7. Give d(v).
-9
Let x(v) = 6*v - 4*v + 2*v + 1. What is x(-1)?
-3
Let n(w) be the first derivative of w**7/140 - w**6/360 + w**4/24 - 5*w**3/3 - 5. Let v(r) be the third derivative of n(r). What is v(-1)?
-6
Let p be 50/(-15) + (-1)/(-3). Let i be (p/(-6))/(3/30). Suppose -4 = -2*z - 4*q, -5*z + 3*z - 5*q = -i. Let n(v) = -v**3 + v + 10. Give n(z).
10
Let m(s) be the second derivative of -s**2 + 0 - 1/6*s**3 + 4*s. What is m(-6)?
4
Let i(a) be the second derivative of -3*a + 1/2*a**2 + 0 + 4/3*a**3. Suppose 4*q - r = -3, -r - 4 = 3*r. Determine i(q).
-7
Let j(u) be the second derivative of u**8/6720 - u**7/840 - u**5/30 - u**4/4 - u. Let w(q) be the third derivative of j(q). What is w(3)?
-4
Suppose -3*g + 2*q = -q - 3, 4*q + 32 = -3*g. Let m = 6 + g. Suppose -4*b + m*l = -18, 2*l + 3 - 9 = 0. Let h(n) = n - 6. What is h(b)?
0
Let q = 10 - 8. Let x(n) = -n**3 + 4*n**2 - 3*n + 2. Give x(q).
4
Let j(k) = k**3 + 5*k**2 + 2*k + 4. Let x = -15 + 11. Determine j(x).
12
Let f(v) be the second derivative of -2/3*v**3 + 1/8*v**4 + 1/60*v**5 + v + 0 + v**2. Let h(n) be the first derivative of f(n). Calculate h(-3).
-4
Let t = -8 + 10. Let z(w) = 3 + w**2 + 2*w + 2*w - 4*w**3 + 3*w**3 - 2*w**t. Calculate z(-3).
9
Let h(l) be the first derivative of l**2 + 4*l + 10. What is h(3)?
10
Let n(u) = u**2 - 2*u - 4. Suppose 6*i - 15 = 15. What is n(i)?
11
Let s = -83 + 88. Let l(m) = m**2 - 6*m - 1. Calculate l(s).
-6
Let u(v) = 8*v**3 - 11*v**2 + 8*v - 9. Let j(m) = -3*m**3 + 4*m**2 - 3*m + 3. Let x(k) = 11*j(k) + 4*u(k). Determine x(0).
-3
Let g be 5 - (11 + -3 + 3). Let x(y) = -y**3 - 6*y**2 + y + 4. Calculate x(g).
-2
Let j(i) = i**2 + 2*i + 1. Let z = 7 - 8. Let v be j(z). Suppose 15 = -v*o - 5*o. Let n(a) = a**3 + 2*a**2 - 5*a - 2. What is n(o)?
4
Let o(a) be the third derivative of a**4/24 + a**3/6 - 6*a**2. Suppose -3*m - 3*k + 19 = m, 2*k + 2 = m. What is o(m)?
5
Let a(b) = -3*b**2 - 21*b - 9. Let k(n) = 2*n**2 + 14*n + 6. Let l(w) = -5*a(w) - 8*k(w). Determine l(-6).
3
Let c(b) be the first derivative of -b**4/4 + 4*b**3/3 - b**2 + b + 41. Let v = 3 - -1. What is c(v)?
-7
Let a(g) = -13*g**2 + 29*g + 8. Let b(k) = -3*k**2 + 7*k + 2. Let d(j) = 2*a(j) - 9*b(j). What is d(5)?
-2
Let a(x) = -2*x**3 - x**2 + x - 1. Let b(y) = -y**3 - 2*y**2 + 3*y + 1. Let p be (1*-2)/((-6)/(-27)). Let w be 21/p + (-2)/3. Let f be b(w). Give a(f).
-3
Let f(h) = -h**2 - 5*h - 4. Let l(p) = -p + 6. Let o be l(-6). Suppose 3*n - 5*v - 3 = 3, -2*n = -v - 4. Let b be (-9)/o*n*2. What is f(b)?
2
Let p(b) be the second derivative of -b**5/20 - b**4/3 - b**3/2 + 2*b**2 + b. Let k(n) = -n**3 + 16*n**2 + 34*n + 33. Let w be k(18). Determine p(w).
4
Let f(v) = -2*v**2 + 5*v - 3. Let g(q) = -2*q - 3. Suppose 2*y + 2*y = 2*a - 14, 5*a - 3*y = 0. Let c be g(a). Determine f(c).
-6
Let c(g) = 0 - 2 + 0 - g - 2. Calculate c(0).
-4
Let t = 8 - 6. Let o(j) = 5*j**3 + j**2 - j + 2. Let n(l) = -l**3 - l**2 - 4 + 2*l - 2*l**2 - 10*l**3. Let x(q) = 4*n(q) + 9*o(q). Calculate x(t).
-4
Let a(r) = 3*r**2 + 2*r + 1. Let y(m) = -m + 5. Let k be y(7). Determine a(k).
9
Suppose -u + 15 = 2*u. Let i(r) = -2*r**3 + 5*r**2 - 5*r + 10. Let w(n) = n**3 - 3*n**2 + 2*n - 5. Let j(b) = -2*i(b) - 5*w(b). Calculate j(u).
5
Let m = 1 - -3. Let d(b) = -4 + 5*b - 1 - m*b. Calculate d(0).
-5
Let g(x) = 0*x - 89 + 85 + x. Give g(8).
4
Suppose 5 = 5*p + a - 0, 0 = -p + 4*a + 22. Let h(o) = 1 - 5 - o - p. Determine h(-6).
0
Let q(j) be the third derivative of -j**4/24 + j**3/3 + j**2. Let d = 0 - -2. Let b = d + 2. Calculate q(b).
-2
Let h = 17 - 2. Let f(a) = -a + 0*a**2 - 4*a**2 + h*a**2 + a**3 - 4 + 11*a. Let m be f(-10). Let z(j) = -j - 6. Determine z(m).
-2
Let r(c) = 2*c + 1. Suppose -19 - 21 = 5*f - 5*o, -2*f = 4*o - 2. Give r(f).
-9
Suppose -n + 2*n = -5. Suppose 7*a - 3*a = 12. Let z(l) = a*l + 0 - 5*l + 7 + 4*l. Calculate z(n).
-3
Let l be 2/4*(-2 - -2). Suppose -c - 6 = -l. Let z(y) = y**3 + 5*y**2 - 9*y - 9. Give z(c).
9
Let q(g) be the third derivative of 0*g + 1/3*g**3 + 3*g**2 - 1/12*g**4 + 0. Let v be -3*(2/(-3))/(-1). What is q(v)?
6
Let l be 2/(-4) + (-259)/(-14). Let i be 9/l - 6/(-4). Let a(b) = -3*b**2 - b + 4. Let k(t) = -2*t**2 - t + 3. Let x(c) = -4*a(c) + 5*k(c). Determine x(i).
5
Let s be ((-4)/(-2))/(1 + -3). Let y(o) = 1. Let c(w) = -w + 1. Let j(x) = s*c(x) + 2*y(x). What is j(-4)?
-3
Let g(l) = -3*l + 6. Suppose -3*c = -4*c. Suppose -5*u - 6 + 26 = c. Calculate g(u).
-6
Let i be 1/4 + (-55)/(-20). Let u(x) = -7*x - x**3 + i*x - 1 + 7 - 1 - 5*x**2. What is u(-4)?
5
Let r(p) = -16*p + 34. Let h(f) = -11*f + 23. Let y(t) = -7*h(t) + 5*r(t). Give y(6).
-9
Let s(j) be the third derivative of -j**5/20 + 5*j**4/24 + 5*j**3/3 + 3*j**2. Let c(x) = -x**2 + 3*x + 5. Let q(d) = 5*c(d) - 2*s(d). What is q(-4)?
1
Suppose -14 = -0*c + 2*c. Let d = 4 + c. Let u(r) be the first derivative of r**4/4 + 5*r**3/3 + 2*r**2 + 1. What is u(d)?
6
Let u(a) be the first derivative of -a**7/840 + a**6/120 - a**5/30 + a**4/12 + 5*a**3/3 - 6. Let k(w) be the third derivative of u(w). Give k(2).
-2
Let m(n) = -5 - 2*n + 17 - 3. What is m(6)?
-3
Let o(l) = -l**3 - 8*l**2 + 2*l + 12. Let j be o(-8). Let y be (1 - (-9)/3)/2. Let f(c) = -2*c**2 + y*c**2 - c**2 - 6*c. Give f(j).
8
Let t(g) = -g**3 + 6*g**2 - 4*g - 5. Let q be t(5). Let m(d) = -1 + q*d + 2 + d. Let b be m(3). Let j(v) = v**3 - 3*v**2 - 3*v + 2. Give j(b).
6
Let x(t) = -t - 1. Let r(l) = l + 8. Let i(w) = -r(w) - 2*x(w). Calculate i(5).
-1
Let l(z) = -57 + 54 + 2*z + 2*z**3 + 0